the prime factors of 2248908311?
13, 47, 233, 15797
List the prime factors of 1876852266.
2, 3, 312808711
List the prime factors of 48953339.
2333, 20983
List the prime factors of 5920426499.
13, 37, 12308579
What are the prime factors of 83723417?
383, 218599
What are the prime factors of 149733178?
2, 7, 17, 71, 8861
What are the prime factors of 516574422?
2, 3, 7, 13, 67, 523
What are the prime factors of 216358094?
2, 61, 647, 2741
List the prime factors of 343249943.
5791, 59273
What are the prime factors of 31760806?
2, 7, 11, 18749
List the prime factors of 514962299.
514962299
List the prime factors of 145988359.
11, 13271669
What are the prime factors of 92880590?
2, 5, 11, 844369
What are the prime factors of 72200694?
2, 3, 12033449
What are the prime factors of 774144806?
2, 387072403
List the prime factors of 20356987.
7, 31, 93811
What are the prime factors of 4751667589?
23, 79, 2615117
List the prime factors of 137385698.
2, 2683, 25603
List the prime factors of 27808595.
5, 5561719
What are the prime factors of 220538519?
59, 3737941
What are the prime factors of 101871389?
9901, 10289
List the prime factors of 1730606252.
2, 277, 1561919
What are the prime factors of 34270956?
2, 3, 311, 3061
List the prime factors of 40734723.
3, 13578241
List the prime factors of 3726498461.
7, 221723
List the prime factors of 1702620687.
3, 567540229
What are the prime factors of 548647163?
548647163
List the prime factors of 110110790.
2, 5, 2903, 3793
List the prime factors of 118065215.
5, 271, 87133
What are the prime factors of 655260656?
2, 271, 151121
What are the prime factors of 330167805?
3, 5, 11, 1307, 1531
List the prime factors of 889041769.
7, 11, 53, 217849
What are the prime factors of 1782644082?
2, 3, 53, 5605799
What are the prime factors of 64423503?
3, 43, 61, 2729
What are the prime factors of 65169903?
3, 21723301
List the prime factors of 128297.
13, 71, 139
What are the prime factors of 154871055?
3, 5, 1147193
What are the prime factors of 112805480?
2, 5, 277, 10181
What are the prime factors of 81241003?
81241003
List the prime factors of 790795057.
13, 73, 833293
What are the prime factors of 1199232286?
2, 7, 85659449
List the prime factors of 910898713.
43, 89, 238019
What are the prime factors of 331895298?
2, 3, 7, 7902269
List the prime factors of 976669815.
3, 5, 11, 23, 41, 6277
What are the prime factors of 5028858188?
2, 4679, 268693
What are the prime factors of 73365976?
2, 1439, 6373
What are the prime factors of 532059634?
2, 31, 8581607
List the prime factors of 7195464.
2, 3, 37, 73
What are the prime factors of 18082174?
2, 11, 431, 1907
List the prime factors of 132353205.
3, 5, 8823547
What are the prime factors of 200476768?
2, 29, 349, 619
What are the prime factors of 35813193?
3, 13, 149, 6163
List the prime factors of 3247224899.
16927, 191837
What are the prime factors of 307415088?
2, 3, 237203
List the prime factors of 32645008.
2, 11, 185483
What are the prime factors of 111471515?
5, 1637, 13619
What are the prime factors of 898618508?
2, 7933, 28319
List the prime factors of 271934018.
2, 135967009
List the prime factors of 75405122.
2, 13, 1069, 2713
What are the prime factors of 3851006?
2, 31, 179, 347
List the prime factors of 52889115.
3, 5, 3525941
List the prime factors of 374755237.
89, 131, 32143
List the prime factors of 6379103965.
5, 13, 43, 631, 3617
What are the prime factors of 163905491?
10979, 14929
What are the prime factors of 29509335?
3, 5, 181, 3623
List the prime factors of 274498597.
37, 61, 121621
What are the prime factors of 197072419?
1583, 124493
List the prime factors of 107100035.
5, 7, 197, 317
List the prime factors of 537369052.
2, 11, 12212933
What are the prime factors of 37118018?
2, 7, 73, 36319
What are the prime factors of 2817933302?
2, 67, 21029353
List the prime factors of 215012299.
4877, 44087
What are the prime factors of 75705511?
7, 67, 151, 1069
What are the prime factors of 33206788?
2, 103, 80599
What are the prime factors of 1566458937?
3, 53, 3283981
List the prime factors of 1984623649.
37, 173, 310049
What are the prime factors of 278371480?
2, 5, 6959287
What are the prime factors of 118817796?
2, 3, 1087, 9109
List the prime factors of 1156734567.
3, 73, 509, 1153
List the prime factors of 1721650069.
31, 211, 263209
What are the prime factors of 1288466646?
2, 3, 19, 2141, 5279
List the prime factors of 77375534.
2, 17, 487, 4673
What are the prime factors of 131121000?
2, 3, 5, 17, 857
List the prime factors of 1303687261.
19, 68615119
What are the prime factors of 2906707362?
2, 3, 13, 17, 19, 113, 1021
What are the prime factors of 31346590?
2, 5, 11, 284969
What are the prime factors of 564373016?
2, 70546627
List the prime factors of 2303162308.
2, 575790577
List the prime factors of 637608462.
2, 3, 953, 111509
What are the prime factors of 5372150599?
5372150599
What are the prime factors of 328727497?
7, 46961071
List the prime factors of 61464237.
3, 2087, 9817
What are the prime factors of 43428838?
2, 59, 113, 3257
List the prime factors of 7098590915.
5, 13, 109209091
What are the prime factors of 6699690451?
61, 1973, 55667
List the prime factors of 3551718395.
5, 710343679
What are the prime factors of 1183187722?
2, 19, 1459, 21341
What are the prime factors of 101884522?
2, 157, 324473
What are the prime factors of 4211460?
2, 3, 5, 11, 709
What are the prime factors of 325245692?
2, 81311423
List the prime factors of 4673988054.
2, 3, 1567, 165709
What are the prime factors of 30845245?
5, 6169049
What are the prime factors of 553736361?
3, 19, 9714673
List the prime factors of 9273794.
2, 29, 127, 1259
List the prime factors of 87560256.
2, 3, 7, 41, 227
List the prime factors of 175047663.
3, 7, 239, 34877
What are the prime factors of 249745690?
2, 5, 19, 1314451
List the prime factors of 41211699.
3, 23, 597271
List the prime factors of 25921945.
5, 7, 59, 12553
What are the prime factors of 40631962?
2, 7, 1471, 1973
List the prime factors of 342767854.
2, 11, 13, 53, 22613
What are the prime factors of 43681866?
2, 3, 7280311
List the prime factors of 324138828.
2, 3, 13, 2077813
What are the prime factors of 212781515?
5, 127, 335089
What are the prime factors of 677399069?
3593, 188533
What are the prime factors of 275983766?
2, 137991883
What are the prime factors of 4249928306?
2, 13, 43, 3801367
List the prime factors of 2844770569.
2844770569
What are the prime factors of 632810351?
632810351
List the prime factors of 23211763.
4397, 5279
List the prime factors of 1021427742.
2, 3, 31, 5491547
What are the prime factors of 87933660?
2, 3, 5, 1465561
What are the prime factors of 272421847?
109, 157, 15919
List the prime factors of 57170231.
31, 1844201
List the prime factors of 13729102.
2, 1777, 3863
List the prime factors of 1690990526.
2, 1031, 820073
What are the prime factors of 1146982755?
3, 5, 107, 557, 1283
List the prime factors of 209927584.
2, 83, 79039
List the prime factors of 1018095519.
3, 7, 48480739
List the prime factors of 365465028.
2, 3, 619, 49201
What are the prime factors of 172589223?
3, 57529741
List the prime factors of 321969250.
2, 5, 19, 67783
What are the prime factors of 806508769?
11, 191, 383869
What are the prime factors of 1483593618?
2, 3, 13, 19020431
What are the prime factors of 133226970?
2, 3, 5, 4440899
What are the prime factors of 68949881?
7, 11, 13, 68881
What are the prime factors of 924175157?
107, 8637151
What are the prime factors of 198901992?
2, 3, 97, 85439
What are the prime factors of 54232072?
2, 71, 95479
List the prime factors of 1196988249.
3, 398996083
List the prime factors of 44379773.
29, 271, 5647
List the prime factors of 2727772074.
2, 3, 29, 163, 32059
List the prime factors of 1272360155.
5, 11, 17, 97, 14029
What are the prime factors of 14812641?
3, 1645849
What are the prime factors of 386666395?
5, 77333279
List the prime factors of 26834098.
2, 277, 48437
List the prime factors of 1757473422.
2, 3, 881, 332477
What are the prime factors of 39702580?
2, 5, 167, 11887
List the prime factors of 244243260.
2, 3, 5, 1356907
List the prime factors of 60641538.
2, 3, 73, 138451
List the prime factors of 25622996.
2, 7, 211,